5 - 695. Let j = 55 + -5. Calculate the greatest common divisor of j and t.
10
Let l = 4 + -4. Suppose -5*p + 0 + 25 = l. Suppose 2*h = 4*s + 154, 145 = -h + 3*h + p*s. What is the highest common factor of h and 50?
25
Let g(a) = 3*a - 9. Let j(i) be the first derivative of i + 11. Let v(y) = g(y) - 6*j(y). Let h be v(6). Calculate the highest common factor of h and 24.
3
Let y be -3 + 893 + 0 + 42/7. Calculate the greatest common divisor of y and 192.
64
Let o = -25607 + 25801. Calculate the greatest common factor of 11737 and o.
97
Suppose 0 = 4*y + c - 46, 4*c - 2 = -y + 2. Let s(z) = 5*z - 57. Let p be s(21). Calculate the greatest common factor of y and p.
12
Suppose 42*c - 44*c = -152. Suppose x + c = 4*x + 2*t, x + 4*t - 42 = 0. What is the highest common divisor of x and 176?
22
Suppose -6*s + 1180 = -10*s. Let m = s + 581. Calculate the highest common divisor of m and 110.
22
Let l be (1 - 3)/(318/(-138807)). Calculate the greatest common factor of 5529 and l.
291
Suppose 4*j + 110 = 2*z - j, 0 = -3*z - 4*j + 211. Let n = z - 62. Let m be 7 + 1/(n - (-3 + 5)). What is the greatest common factor of 16 and m?
8
Let d be (-22)/(8/(-16)*4). Calculate the greatest common factor of 17897 and d.
11
Suppose 26*i - 21073 = 5005. What is the highest common factor of i and 340?
17
Let c be ((-88)/(-20) + -4)*-10. Let p be 138*((-45)/(-10) + c). Calculate the greatest common factor of 345 and p.
69
Let m(n) = 2*n**3 + 19*n**2 - 5*n + 10. Let r be m(-9). Calculate the greatest common factor of r and 1819.
17
Let k(b) = b + 56. Let r be k(4). Suppose -76*g = -78*g + r. What is the greatest common divisor of g and 20?
10
Suppose 123691 = 476*h - 62425. Calculate the greatest common factor of 34 and h.
17
Suppose 3802 = 5*c - 2*v, -c - 5*v + 133 + 622 = 0. What is the highest common factor of 200 and c?
40
Let p be 44/3 + 6/18. Let n = 18 - p. Suppose 0 = -n*q - 5*x + 160, -2*x = -x - 5. What is the highest common factor of q and 18?
9
Suppose 292*z - 4*r + 6510 = 297*z, -r = -z + 1302. What is the greatest common divisor of z and 496?
62
Suppose 0 = -b - 4*r + 1088, -5*r + 11*r = 4*b - 4484. Calculate the greatest common factor of 5699 and b.
139
Let x(r) = -142*r - 6330. Let u be x(-105). What is the highest common factor of 120 and u?
60
Let t(r) = -r**2 - 46*r - 498. Let v be t(-26). What is the greatest common divisor of v and 2662?
22
Suppose 26 = 8*m - 12*m + 254. Let u = 164 - -122. Suppose q + u = 5*y, 8*q = -2*y + 3*q + 109. What is the greatest common factor of y and m?
57
Let j(q) = -q**2 - 28*q + 210. Let n be j(-34). Calculate the highest common divisor of 705 and n.
3
Suppose -17*p - 13987 = -42037. Calculate the highest common divisor of p and 1550.
50
Suppose -5*y + b - 788 = 0, 5*y - 5*b = -9*b - 773. Let i = y + 168. Let a(u) = 2*u**2 - 12*u + 1. Let h be a(8). What is the highest common factor of h and i?
11
Let r(y) = -12*y - 59. Suppose -7*c + 4 = 39. Let o be r(c). What is the greatest common factor of 5 and o?
1
Let m(j) = -2*j - 2. Let c be m(-2). Suppose -2*a - 3*n + 121 = 0, a + c*a - 2*n = 201. Let y = -23 + a. What is the highest common factor of y and 6?
6
Suppose i - 5464 = -5*c - 2*i, 4*i = 12. Suppose -c = -3*j + 5*s, 5*j + 221 = -4*s + 1990. Calculate the greatest common divisor of j and 102.
51
Let l(w) = w**2 + 7*w - 5. Let k be l(-8). Suppose -k*q - 11 = -218. Let s = -10972 - -11018. What is the highest common divisor of q and s?
23
Suppose -22*z + 131 = 21. Let u be 124/z + 72/(-90). What is the greatest common factor of 56 and u?
8
Let f(b) be the second derivative of 0 + 3/2*b**3 + 5*b**2 + 17*b + 1/12*b**4. Let l be f(-8). Calculate the greatest common divisor of l and 8.
2
Let c(b) = 12*b - 65. Let y be c(6). Let p be (-1 - -1)/2 + 91. Suppose -6*r + 203 = -p. What is the highest common divisor of r and y?
7
Suppose -92*w + 418 = -73*w. Calculate the highest common factor of w and 1067.
11
Suppose -l - 126 = -4*h - 28, -3*h = 3*l - 66. Let v = -55 + 96. Let s = -25 + v. Calculate the highest common factor of s and h.
8
Let m(g) = -2*g**2 + 14*g + 4. Let p = 98 + -91. Let y be m(p). Suppose b = y*k - 57, -2*k + k = -4*b - 33. What is the greatest common divisor of k and 26?
13
Suppose 2*f + 6 = 0, 5*c + f = 2*c + 66. Calculate the greatest common factor of 5819 and c.
23
Let l(q) = 3*q. Let d(r) = -1. Let z(c) = 3*d(c) - l(c). Let t be z(-7). Let y be 61 + -35 - (5 + 3). Calculate the greatest common factor of y and t.
18
Let j be (37 + -24 - (-1 - (-3)/2))*2. What is the greatest common divisor of 1525 and j?
25
Let f(t) = -10*t**2 - 5*t - 17. Let k be f(-5). Let w = 426 + k. Calculate the greatest common factor of 69 and w.
23
Let m = -222 - -227. Let v(q) = 2*q**3 - 10*q**2 + 14*q + 2. Let t be v(11). Let z be t/18 + 4/(-3) + 2. Calculate the highest common divisor of z and m.
5
Let j = 123 - 95. Suppose -13*f = -j*f + 1080. What is the highest common divisor of f and 504?
72
Let c be -2*1 - -23 - 0. Let p be 0 + -2 + -1 - -3. Suppose -3*j = 3*t - 696, -2*t + 3*j + 43 + 416 = p. Calculate the highest common factor of c and t.
21
Suppose 2*a = -2, -3*a - a - 721 = 3*j. Let y = j + 358. What is the greatest common factor of 7 and y?
7
Let f(i) = -27*i + 56. Let x be f(2). Suppose -3 = x*d + 5, -3*o + 5*d = -272. What is the greatest common factor of 140 and o?
28
Suppose 4*d + 2*m - 665 = m, -m = -3*d + 490. Suppose 3*r = d + 1122. Calculate the greatest common divisor of r and 39.
39
Let x(z) = 8*z**3 + z**2 + 2*z + 4. Let r be x(-2). Let f be 2 - 539/3 - (-20)/r. Let j = f + 256. Calculate the greatest common divisor of 52 and j.
26
Let u(v) = -2*v**2 - 2*v + 66. Let r be u(-6). Let j be 1/(r/(10*138)). What is the greatest common divisor of j and 10?
10
Let j(x) = -7*x - 11 + 68 + 25. Let s be j(7). Suppose 5*m - 25 = 85. Calculate the highest common divisor of s and m.
11
Let i be 182/9 + (-20)/90 - 1. Suppose 0 = 4*c + 93 + 11. Let o be (-3)/(-2) - 949/c. What is the highest common divisor of o and i?
19
Suppose 67 = -4*p - h - 56, -2*p - 54 = 2*h. Let l be (-12)/p + 808/64. Calculate the highest common factor of 221 and l.
13
Let u = -344 - -743. Suppose -57 = -12*h + u. What is the highest common divisor of h and 6?
2
Let h(g) = g**2 + g - 2. Let r be h(-6). Let o = 345 + -337. Let z(b) = -b**3 + 15*b**2 - 28*b. Let x be z(o). Calculate the highest common factor of x and r.
28
Suppose 2*w - 3*b = 122, 0 = 2*b - 8 + 16. What is the greatest common divisor of w and 209?
11
Let w(y) = -63*y - 4016. Let k be w(-64). Calculate the highest common divisor of 204 and k.
4
Let l be (1 + -33)/(-8) + 75 + 0. Suppose 5*t - l + 339 = 4*k, -5*k - 3*t = -288. Suppose -z = -92 + k. Calculate the highest common factor of z and 4.
4
Let o(h) = -h**2 + 7*h - 21. Let j be o(15). Let x be (3 - 0/(-2))/(j/(-2726)). What is the highest common factor of x and 2?
2
Suppose -2*d = -3*y - 346, -3*d + y = -5*d + 338. Suppose -8*u + 4*u + 139 = -3*j, u - 36 = 2*j. What is the highest common factor of d and u?
34
Let v be 69*(-5)/((-45)/33). Suppose 0 = 6*t - v + 49. Let s = -25 - -42. What is the highest common divisor of s and t?
17
Let k(x) = -17*x - 3. Let j be k(-5). Let b = -3576 + 3647. Let f = j - b. What is the highest common factor of f and 121?
11
Suppose 21*w - 16*w - 45 = 0. Let z be ((-54)/(-8))/((-15)/(-640)). What is the greatest common factor of z and w?
9
Let s be (132/(-5060))/((-3)/10) + 231008/46. Calculate the highest common divisor of 36 and s.
18
Let g(s) = s**3 - 18*s**2 + 12*s + 129. Let k be g(17). Calculate the greatest common divisor of 124 and k.
4
Suppose 4*z = 2*n + 3*n - 159, -5*z + 90 = 2*n. Let r be (-3454)/(-14) + -2 - (-36)/126. Calculate the greatest common divisor of n and r.
35
Suppose -8*z + 112 = 6*z. Let c = z - -43. What is the greatest common factor of c and 357?
51
Let u(h) = 66*h**2 + 4*h + 9. Let k be u(-2). Suppose -16*g + 1080 = -12*g + 3*o, -2*o + k = g. What is the greatest common factor of 39 and g?
39
Let y = -237 + 242. Suppose -y*g - 3*i = -163, 0 = -0*g - 3*g - 5*i + 101. Calculate the highest common divisor of g and 576.
32
Let m be 14 + -1 + -10 + 15. Calculate the greatest common factor of m and 38.
2
Let t(g) = 4*g**2 + 130*g + 142. Let q be t(-32). Calculate the hi